lse
Is 84 a factor of 760777?
False
Is 195224 a multiple of 12?
False
Is 5 a factor of 1500170?
True
Is 201852 a multiple of 18?
True
Does 89 divide 95230?
True
Is 595869 a multiple of 30?
False
Does 84 divide 56666?
False
Is 3255401 a multiple of 19?
False
Is 8357053 a multiple of 120?
False
Is 7 a factor of 301494?
False
Is 42 a factor of 456036?
True
Is 6406876 a multiple of 38?
True
Is 24 a factor of 1285550?
False
Is 1385991 a multiple of 81?
True
Does 51 divide 145336?
False
Does 51 divide 19972?
False
Is 17 a factor of 45400336?
True
Does 16 divide 34595930?
False
Does 14 divide 314202?
True
Is 2662240 a multiple of 160?
True
Is 3121827 a multiple of 103?
True
Does 18 divide 355472?
False
Is 45 a factor of 4234500?
True
Is 4896078 a multiple of 682?
True
Is 4 a factor of 12801?
False
Is 2282489 a multiple of 11?
True
Is 20 a factor of 14843?
False
Is 74 a factor of 317222?
False
Is 576065 a multiple of 109?
True
Is 526217 a multiple of 23?
True
Is 140 a factor of 1787940?
True
Is 8 a factor of 81495?
False
Is 61 a factor of 307135?
True
Is 214645 a multiple of 99?
False
Is 1366 a factor of 13259762?
True
Is 3 a factor of 969609?
True
Does 542 divide 4900296?
False
Does 3 divide 3902618?
False
Is 282471 a multiple of 23?
False
Does 50 divide 107800?
True
Is 9 a factor of 164611?
False
Is 6 a factor of 132088?
False
Does 7 divide 1475316?
False
Is 77854 a multiple of 16?
False
Is 63231 a multiple of 541?
False
Does 389 divide 608858?
False
Is 89 a factor of 130051?
False
Is 7067368 a multiple of 121?
True
Is 231488 a multiple of 88?
False
Does 9 divide 31940?
False
Does 22 divide 3259036?
True
Does 45 divide 129510?
True
Does 8 divide 326965?
False
Does 958 divide 1946656?
True
Is 1229473 a multiple of 16?
False
Does 235 divide 1285340?
False
Does 189 divide 1922886?
True
Is 692230 a multiple of 30?
False
Is 10 a factor of 1064180?
True
Is 3647012 a multiple of 20?
False
Does 68 divide 3378784?
True
Is 71708 a multiple of 91?
True
Is 2488608 a multiple of 6?
True
Is 81 a factor of 77681?
False
Is 1397305 a multiple of 581?
True
Is 4739769 a multiple of 124?
False
Does 5 divide 28652?
False
Is 11 a factor of 54120?
True
Is 15269969 a multiple of 51?
False
Does 181 divide 661374?
True
Does 5 divide 2298214?
False
Is 43 a factor of 1913944?
False
Does 7 divide 395388?
True
Is 40400 a multiple of 91?
False
Does 15 divide 23535?
True
Does 3 divide 20649?
True
Does 8 divide 483679?
False
Is 93 a factor of 344193?
True
Is 227164 a multiple of 89?
False
Is 4379863 a multiple of 75?
False
Does 29 divide 28101?
True
Does 14 divide 3239950?
True
Is 1233720 a multiple of 30?
True
Is 73 a factor of 181113?
True
Does 179 divide 2898547?
True
Is 2 a factor of 7186?
True
Is 226 a factor of 3089646?
True
Is 278 a factor of 1356764?
False
Is 2987292 a multiple of 77?
True
Is 357480 a multiple of 149?
False
Does 5 divide 80100?
True
Is 98699 a multiple of 232?
False
Does 88 divide 188043?
False
Is 34 a factor of 4386?
True
Does 278 divide 1216250?
True
Is 605640 a multiple of 588?
True
Is 737 a factor of 8374992?
False
Is 6643553 a multiple of 14?
False
Does 73 divide 94483?
False
Is 23 a factor of 310293?
True
Is 18 a factor of 32828?
False
Does 7 divide 11829?
False
Is 51793 a multiple of 179?
False
Does 5 divide 575175?
True
Is 129 a factor of 35088?
True
Is 563703 a multiple of 60?
False
Is 13512 a multiple of 26?
False
Does 511 divide 2927473?
False
Is 6 a factor of 2155582?
False
Is 57 a factor of 209133?
True
Is 12 a factor of 94956?
True
Does 41 divide 1305235?
True
Is 441672 a multiple of 88?
True
Is 29 a factor of 131329?
False
Is 5692992 a multiple of 298?
True
Is 430 a factor of 397750?
True
Does 91 divide 463409?
False
Is 27485 a multiple of 31?
False
Is 124754 a multiple of 24?
False
Does 372 divide 5164848?
True
Is 2491170 a multiple of 608?
False
Is 3 a factor of 31424?
False
Is 5666088 a multiple of 2043?
False
Does 6 divide 24607?
False
Is 5 a factor of 4506651?
False
Is 4413 a multiple of 3?
True
Is 154814 a multiple of 37?
False
Is 5638656 a multiple of 19?
False
Does 90 divide 7554040?
False
Is 17 a factor of 483140?
True
Is 565 a factor of 2209715?
True
Is 2186610 a multiple of 345?
True
Is 2157 even?
False
Does 23 divide 30820?
True
Is 1813757 a multiple of 897?
False
Does 925 divide 906500?
True
Is 473 a factor of 2180258?
False
Is 532052 a multiple of 134?
False
Is 7108598 a multiple of 472?
False
Does 5 divide 27739?
False
Is 964523 a multiple of 46?
False
Is 10 a factor of 4126533?
False
Is 12 a factor of 122182?
False
Is 388454 a multiple of 22?
True
Does 157 divide 4543068?
False
Is 845718 a multiple of 6?
True
Does 32 divide 723917?
False
Is 281 a factor of 2033432?
False
Does 23 divide 80592?
True
Is 212660 a multiple of 14?
True
Does 31 divide 20336?
True
Does 280 divide 53554?
False
Is 17 a factor of 55081?
False
Does 133 divide 548774?
False
Does 113 divide 367476?
True
Is 76004 a multiple of 56?
False
Is 3791957 a multiple of 13?
True
Is 253 a factor of 218592?
True
Is 83200 a multiple of 416?
True
Does 12 divide 1992187?
False
Is 7327409 a multiple of 53?
True
Does 41 divide 892816?
True
Does 9 divide 955080?
True
Does 20 divide 246633?
False
Is 10625795 a multiple of 269?
False
Is 405316 a multiple of 214?
True
Is 32 a factor of 601952?
True
Is 16 a factor of 115696?
True
Is 4521739 a multiple of 214?
False
Is 610565 a multiple of 19?
True
Does 195 divide 4944520?
False
Is 14 a factor of 212035?
False
Is 1796 a factor of 23754644?
False
Is 17 a factor of 309111?
True
Does 172 divide 40936?
True
Is 6631259 a multiple of 9?
False
Does 113 divide 5325012?
True
Does 122 divide 3471837?
False
Is 2652436 a multiple of 173?
True
Is 66 a factor of 61587?
False
Is 21 a factor of 9193327?
False
Is 3613 a multiple of 4?
False
Is 858540 a multiple of 13?
False
Does 63 divide 75985?
False
Is 478452 a multiple of 89?
False
Does 48 divide 677227?
False
Is 351 a factor of 41518?
False
Is 31 a factor of 1815761?
False
Is 12 a factor of 906922?
False
Does 130 divide 3802495?
False
Does 1098 divide 5997276?
True
Does 99 divide 687333?
False
Does 11 divide 206203?
False
Is 11 a factor of 262675?
False
Is 31 a factor of 112908?
False
Is 4493525 a multiple of 1649?
True
Does 3 divide 9789?
True
Does 18 divide 133920?
True
Is 39648 a multiple of 3?
True
Is 241736 a multiple of 22?
True
Does 2 divide 5117?
False
Does 11 divide 1790668?
True
Does 19 divide 13281?
True
Is 15 a factor of 53263?
False
Is 204540 a multiple of 7?
True
Is 23 a factor of 129377?
False
Is 2835270 a multiple of 54?
True
Does 9 divide 148725?
True
Does 10 divide 1564228?
False
Is 114966 a multiple of 8?
False
Is 6012 a multiple of 4?
True
Is 1263 a factor of 8648572?
False
Is 982624 a multiple of 16?
True
Does 101 divide 103828?
True
Does 17 divide 4440859?
True
Is 19 a factor of 647023?
False
Does 27 divide 272684?
False
Is 607144 a multiple of 116?
True
Does 224 divide 329728?
True
Does 11 divide 1838468?
False
Is 4023504 a multiple of 18?
True
Is 14 a factor of 1471756?
False
Is 286596 a multiple of 189?
False
Is 12 a factor of 61260?
True
Does 7 divide 55332?
False
Is 16 a factor of 301296?
True
Is 74155 a multiple of 5?
True
Is 360 a factor of 8489459?
False
Is 22919 a multiple of 41?
True
Is 685 a factor of 360995?
True
Is 411804 a multiple of 369?
True
Does 176 divide 3001856?
True
Does 37 divide 231911?
False
Is 15 a factor of 98466?
False
Does 47 divide 170469?
True
Does 96 divide 941527?
False
Does 27 divide 347706?
True
Is 158046 a multiple of 6?
True
Does 125 divide 108912?
False
Does 168 divide 208393?
False
Is 524 a factor of 9348736?
False
Is 5 a factor of 664070?
True
Does 112 divide 176064?
True
Does 215 divide 97395?
True
Is 3 a factor of 4368?
True
Is 246092 a multiple of 42?
False
Is 986020 a multiple of 28?
True
Is 258 a factor of 92585?
False
Is 152394 a multiple of 4?
False
Does 53 divide 6542956?
True
Is 8 a factor of 790464?
True
Is 682236 a multiple of 36?
True
Does 489 divide 200590?
False
Is 2263074 a multiple of 102?
True
Does 3 divide 170334?
True
Does 37 divide 3563971?
False
Is 389620 a multiple of 242?
True
Does 45 divide 544388?
False
Is 106 a factor of 1413628?
False
Is 9 a factor of 1308183?
False
Does 10 divide 326540?
True
Is 34 